when 764 is divided by 97?
85
What is the remainder when 70 is divided by 24?
22
Calculate the remainder when 1424 is divided by 138.
44
Calculate the remainder when 1238 is divided by 38.
22
Calculate the remainder when 411 is divided by 39.
21
What is the remainder when 312 is divided by 108?
96
What is the remainder when 125 is divided by 21?
20
What is the remainder when 2015 is divided by 252?
251
Calculate the remainder when 462 is divided by 425.
37
Calculate the remainder when 231 is divided by 62.
45
What is the remainder when 1857 is divided by 143?
141
Calculate the remainder when 2671 is divided by 168.
151
Calculate the remainder when 178 is divided by 9.
7
Calculate the remainder when 223 is divided by 53.
11
What is the remainder when 5499 is divided by 20?
19
What is the remainder when 500 is divided by 36?
32
What is the remainder when 234 is divided by 75?
9
What is the remainder when 382 is divided by 77?
74
Calculate the remainder when 31 is divided by 16.
15
What is the remainder when 161 is divided by 100?
61
Calculate the remainder when 709 is divided by 89.
86
What is the remainder when 87 is divided by 13?
9
Calculate the remainder when 768 is divided by 86.
80
What is the remainder when 634 is divided by 227?
180
Calculate the remainder when 191 is divided by 4.
3
What is the remainder when 4242 is divided by 63?
21
Calculate the remainder when 2685 is divided by 21.
18
Calculate the remainder when 194 is divided by 9.
5
What is the remainder when 583 is divided by 199?
185
Calculate the remainder when 130 is divided by 48.
34
What is the remainder when 1256 is divided by 331?
263
Calculate the remainder when 867 is divided by 47.
21
Calculate the remainder when 403 is divided by 85.
63
Calculate the remainder when 113 is divided by 6.
5
What is the remainder when 778 is divided by 60?
58
What is the remainder when 1851 is divided by 62?
53
Calculate the remainder when 418 is divided by 7.
5
Calculate the remainder when 17004 is divided by 16.
12
Calculate the remainder when 295 is divided by 75.
70
What is the remainder when 27 is divided by 22?
5
Calculate the remainder when 194 is divided by 63.
5
What is the remainder when 32 is divided by 25?
7
Calculate the remainder when 400 is divided by 67.
65
What is the remainder when 486 is divided by 170?
146
What is the remainder when 488 is divided by 91?
33
Calculate the remainder when 3347 is divided by 27.
26
What is the remainder when 181 is divided by 23?
20
Calculate the remainder when 23202 is divided by 51.
48
Calculate the remainder when 22829 is divided by 6.
5
What is the remainder when 2608 is divided by 217?
4
What is the remainder when 1378 is divided by 42?
34
Calculate the remainder when 840 is divided by 834.
6
Calculate the remainder when 181 is divided by 46.
43
What is the remainder when 593 is divided by 245?
103
Calculate the remainder when 437 is divided by 20.
17
What is the remainder when 1095 is divided by 4?
3
What is the remainder when 2580 is divided by 1278?
24
What is the remainder when 331 is divided by 117?
97
What is the remainder when 43829 is divided by 19?
15
Calculate the remainder when 958 is divided by 20.
18
What is the remainder when 2926 is divided by 16?
14
Calculate the remainder when 3096 is divided by 33.
27
Calculate the remainder when 182 is divided by 37.
34
What is the remainder when 615 is divided by 156?
147
What is the remainder when 812 is divided by 260?
32
Calculate the remainder when 924 is divided by 41.
22
What is the remainder when 115 is divided by 34?
13
What is the remainder when 215 is divided by 114?
101
Calculate the remainder when 1450 is divided by 246.
220
Calculate the remainder when 49 is divided by 18.
13
What is the remainder when 1256 is divided by 74?
72
Calculate the remainder when 233 is divided by 159.
74
Calculate the remainder when 65 is divided by 34.
31
What is the remainder when 298 is divided by 20?
18
What is the remainder when 648 is divided by 180?
108
What is the remainder when 123 is divided by 33?
24
What is the remainder when 256 is divided by 86?
84
What is the remainder when 297 is divided by 17?
8
Calculate the remainder when 262 is divided by 89.
84
What is the remainder when 120 is divided by 66?
54
What is the remainder when 172 is divided by 143?
29
Calculate the remainder when 795 is divided by 199.
198
What is the remainder when 114 is divided by 5?
4
Calculate the remainder when 55 is divided by 14.
13
Calculate the remainder when 44 is divided by 13.
5
Calculate the remainder when 8049 is divided by 66.
63
What is the remainder when 733 is divided by 46?
43
Calculate the remainder when 950 is divided by 63.
5
What is the remainder when 270 is divided by 17?
15
What is the remainder when 127 is divided by 7?
1
Calculate the remainder when 145 is divided by 46.
7
What is the remainder when 418 is divided by 20?
18
What is the remainder when 1324 is divided by 39?
37
Calculate the remainder when 678 is divided by 7.
6
What is the remainder when 67 is divided by 26?
15
Calculate the remainder when 162 is divided by 24.
18
Calculate the remainder when 191 is divided by 54.
29
What is the remainder when 138 is divided by 39?
21
Calculate the remainder when 638 is divided by 82.
64
What is the remainder when 1946 is divided by 4?
2
What is the remainder when 277 is divided by 69?
1
Calculate the remainder when 309 is divided by 13.
10
What is the remainder when 759 is divided by 79?
48
What is the remainder when 207 is divided by 14?
11
Calculate the remainder when 142 is divided by 16.
14
What is the remainder when 7667 is divided by 22?
11
What is the remainder when 306 is divided by 46?
30
What is the remainder when 123 is divided by 52?
19
Calculate the remainder when 671 is divided by 42.
41
Calculate the remainder when 326 is divided by 8.
6
What is the remainder when 763 is divided by 45?
43
Calculate the remainder when 148 is divided by 27.
13
Calculate the remainder when 834 is divided by 19.
17
Calculate the remainder when 4291 is divided by 29.
28
Calculate the remainder when 202 is divided by 55.
37
Calculate the remainder when 2364 is divided by 25.
14
What is the remainder when 312 is divided by 87?
51
What is the remainder when 1024 is divided by 19?
17
What is the remainder when 810 is divided by 168?
138
What is the remainder when 7818 is divided by 85?
83
What is the remainder when 429 is divided by 43?
42
Calculate the remainder when 122 is divided by 34.
20
Calculate the remainder when 1015 is divided by 15.
10
What is the remainder when 8951 is divided by 104?
7
What is the remainder when 32 is divided by 9?
5
What is the remainder when 38 is divided by 32?
6
What is the remainder when 291 is divided by 279?
12
Calculate the remainder when 92 is divided by 32.
28
Calculate the remainder when 1117 is divided by 28.
25
What is the remainder when 972 is divided by 252?
216
What is the remainder when 2030 is divided by 27?
5
Calculate the remainder when 781 is divided by 27.
25
What is the remainder when 11736 is divided by 21?
18
Calculate the remainder when 911 is divided by 18.
11
Calculate the remainder when 78 is divided by 68.
10
Calculate the remainder when 340 is divided by 98.
46
What is the remainder when 109 is divided by 47?
15
Calculate the remainder when 2276 is divided by 17.
15
Calculate the remainder when 100 is divided by 13.
9
What is the remainder when 55 is divided by 31?
24
Calculate the remainder when 2554 is divided by 36.
34
Calculate the remainder when 84 is divided by 62.
22
What is the remainder when 91 is divided by 16?
11
Calculate the remainder when 296 is divided by 27.
26
What is the remainder when 1795 is divided by 48?
19
What is the remainder when 268 is divided by 13?
8
Calculate the remainder when 577 is divided by 576.
1
Calculate the remainder when 368 is divided by 89.
12
What is the remainder when 339 is divided by 24?
3
Calculate the remainder when 12 is divided by 2.
0
What is the remainder when 77 is divided by 16?
13
What is the remainder when 11 is divided by 11?
0
What is the remainder when 115 is divided by 12?
7
What is the remainder when 914 is divided by 46?
40
What is the remainder when 318 is divided 